{"id":109,"date":"2025-01-31T16:54:59","date_gmt":"2025-01-31T16:54:59","guid":{"rendered":"https:\/\/ingrid-stadler-yoga.de\/?page_id=109"},"modified":"2025-02-09T15:30:45","modified_gmt":"2025-02-09T15:30:45","slug":"ueber-mich","status":"publish","type":"page","link":"https:\/\/ingrid-stadler-yoga.de\/index.php\/ueber-mich\/","title":{"rendered":"\u00dcber mich"},"content":{"rendered":"\t\t<div data-elementor-type=\"wp-page\" data-elementor-id=\"109\" class=\"elementor elementor-109\" data-elementor-post-type=\"page\">\n\t\t\t\t\t\t<section class=\"elementor-section elementor-top-section elementor-element elementor-element-a1e048c elementor-section-boxed elementor-section-height-default elementor-section-height-default\" data-id=\"a1e048c\" data-element_type=\"section\">\n\t\t\t\t\t\t<div class=\"elementor-container elementor-column-gap-no\">\n\t\t\t\t\t<div class=\"elementor-column elementor-col-50 elementor-top-column elementor-element elementor-element-8369368\" data-id=\"8369368\" data-element_type=\"column\">\n\t\t\t<div class=\"elementor-widget-wrap elementor-element-populated\">\n\t\t\t\t\t\t<div class=\"elementor-element elementor-element-84ead45 elementor-arrows-position-inside elementor-widget elementor-widget-image-carousel\" data-id=\"84ead45\" data-element_type=\"widget\" data-settings=\"{&quot;slides_to_show&quot;:&quot;1&quot;,&quot;navigation&quot;:&quot;arrows&quot;,&quot;autoplay&quot;:&quot;yes&quot;,&quot;pause_on_hover&quot;:&quot;yes&quot;,&quot;pause_on_interaction&quot;:&quot;yes&quot;,&quot;autoplay_speed&quot;:5000,&quot;infinite&quot;:&quot;yes&quot;,&quot;effect&quot;:&quot;slide&quot;,&quot;speed&quot;:500}\" data-widget_type=\"image-carousel.default\">\n\t\t\t\t<div class=\"elementor-widget-container\">\n\t\t\t\t\t\t\t<div class=\"elementor-image-carousel-wrapper swiper\" role=\"region\" aria-roledescription=\"carousel\" aria-label=\"Bild Karussell\" dir=\"ltr\">\n\t\t\t<div class=\"elementor-image-carousel swiper-wrapper swiper-image-stretch\" aria-live=\"off\">\n\t\t\t\t\t\t\t\t<div class=\"swiper-slide\" role=\"group\" aria-roledescription=\"slide\" aria-label=\"1 von 3\"><figure class=\"swiper-slide-inner\"><img decoding=\"async\" class=\"swiper-slide-image\" src=\"https:\/\/ingrid-stadler-yoga.de\/wp-content\/uploads\/2025\/01\/Ingrid_Stadler_Uebermich1.jpg\" alt=\"Ingrid_Stadler_Uebermich1\" \/><\/figure><\/div><div class=\"swiper-slide\" role=\"group\" aria-roledescription=\"slide\" aria-label=\"2 von 3\"><figure class=\"swiper-slide-inner\"><img decoding=\"async\" class=\"swiper-slide-image\" src=\"https:\/\/ingrid-stadler-yoga.de\/wp-content\/uploads\/2025\/01\/Ingrid_Stadler_Aktuelles1.jpg\" alt=\"Ingrid_Stadler_Aktuelles1\" \/><\/figure><\/div><div class=\"swiper-slide\" role=\"group\" aria-roledescription=\"slide\" aria-label=\"3 von 3\"><figure class=\"swiper-slide-inner\"><img decoding=\"async\" class=\"swiper-slide-image\" src=\"https:\/\/ingrid-stadler-yoga.de\/wp-content\/uploads\/2025\/01\/Ingrid_Stadler_Aktuelles2.jpg\" alt=\"Ingrid_Stadler_Aktuelles2\" \/><\/figure><\/div>\t\t\t<\/div>\n\t\t\t\t\t\t\t\t\t\t\t\t<div class=\"elementor-swiper-button elementor-swiper-button-prev\" role=\"button\" tabindex=\"0\">\n\t\t\t\t\t\t<i aria-hidden=\"true\" class=\"eicon-chevron-left\"><\/i>\t\t\t\t\t<\/div>\n\t\t\t\t\t<div class=\"elementor-swiper-button elementor-swiper-button-next\" role=\"button\" tabindex=\"0\">\n\t\t\t\t\t\t<i aria-hidden=\"true\" class=\"eicon-chevron-right\"><\/i>\t\t\t\t\t<\/div>\n\t\t\t\t\n\t\t\t\t\t\t\t\t\t<\/div>\n\t\t\t\t\t\t<\/div>\n\t\t\t\t<\/div>\n\t\t\t\t\t<\/div>\n\t\t<\/div>\n\t\t\t\t<div class=\"elementor-column elementor-col-50 elementor-top-column elementor-element elementor-element-c5eb822\" data-id=\"c5eb822\" data-element_type=\"column\" data-settings=\"{&quot;background_background&quot;:&quot;classic&quot;}\">\n\t\t\t<div class=\"elementor-widget-wrap elementor-element-populated\">\n\t\t\t\t\t\t<div class=\"elementor-element elementor-element-ec2073e elementor-widget elementor-widget-heading\" data-id=\"ec2073e\" data-element_type=\"widget\" data-widget_type=\"heading.default\">\n\t\t\t\t<div class=\"elementor-widget-container\">\n\t\t\t\t\t<h2 class=\"elementor-heading-title elementor-size-default\">\u00dcber mich<\/h2>\t\t\t\t<\/div>\n\t\t\t\t<\/div>\n\t\t\t\t<div class=\"elementor-element elementor-element-67b95cf elementor-widget elementor-widget-spacer\" data-id=\"67b95cf\" data-element_type=\"widget\" data-widget_type=\"spacer.default\">\n\t\t\t\t<div class=\"elementor-widget-container\">\n\t\t\t\t\t\t\t<div class=\"elementor-spacer\">\n\t\t\t<div class=\"elementor-spacer-inner\"><\/div>\n\t\t<\/div>\n\t\t\t\t\t\t<\/div>\n\t\t\t\t<\/div>\n\t\t\t\t<div class=\"elementor-element elementor-element-dda2130 elementor-widget elementor-widget-text-editor\" data-id=\"dda2130\" data-element_type=\"widget\" data-widget_type=\"text-editor.default\">\n\t\t\t\t<div class=\"elementor-widget-container\">\n\t\t\t\t\t\t\t\t\t<p style=\"font-weight: 400;\">Seit meinem 18. Lebensjahr praktiziere ich aktiv Yoga. Ich habe selber oft bei k\u00f6rperlichen Beschwerden oder\u00a0in angespannten\u00a0Phasen die ausgleichende Wirkung erfahren. Um dies an Andere weitergeben zu k\u00f6nnen, habe ich die Ausbildung zur zertifizierten Yogalehrerin abgeschlossen und biete mit gro\u00dfer Freude Kurse an. Um speziell auf R\u00fccken- und Schulterprobleme gut eingehen zu k\u00f6nnen, habe ich erg\u00e4nzend den \u00dcbungsleiterschein f\u00fcr R\u00fcckenschule erworben.<\/p>\t\t\t\t\t\t\t\t<\/div>\n\t\t\t\t<\/div>\n\t\t\t\t<div class=\"elementor-element elementor-element-1c38315 elementor-widget elementor-widget-toggle\" data-id=\"1c38315\" data-element_type=\"widget\" data-widget_type=\"toggle.default\">\n\t\t\t\t<div class=\"elementor-widget-container\">\n\t\t\t\t\t\t\t<div class=\"elementor-toggle\">\n\t\t\t\t\t\t\t<div class=\"elementor-toggle-item\">\n\t\t\t\t\t<div id=\"elementor-tab-title-2951\" class=\"elementor-tab-title\" data-tab=\"1\" role=\"button\" aria-controls=\"elementor-tab-content-2951\" aria-expanded=\"false\">\n\t\t\t\t\t\t\t\t\t\t\t\t<span class=\"elementor-toggle-icon elementor-toggle-icon-left\" aria-hidden=\"true\">\n\t\t\t\t\t\t\t\t\t\t\t\t\t\t\t<span class=\"elementor-toggle-icon-closed\"><i class=\"fas fa-caret-right\"><\/i><\/span>\n\t\t\t\t\t\t\t\t<span class=\"elementor-toggle-icon-opened\"><i class=\"elementor-toggle-icon-opened fas fa-caret-up\"><\/i><\/span>\n\t\t\t\t\t\t\t\t\t\t\t\t\t<\/span>\n\t\t\t\t\t\t\t\t\t\t\t\t<a class=\"elementor-toggle-title\" tabindex=\"0\">Meine Ausbildung<\/a>\n\t\t\t\t\t<\/div>\n\n\t\t\t\t\t<div id=\"elementor-tab-content-2951\" class=\"elementor-tab-content elementor-clearfix\" data-tab=\"1\" role=\"region\" aria-labelledby=\"elementor-tab-title-2951\"><table><tbody><tr><td>Franz Seraph M\u00f6sl<\/td><td>Fastenyoga<\/td><td>2008\/2009\/2015<\/td><\/tr><tr><td>Catherine von G\u00fcnther<\/td><td>Yogalehrer Ausbildung<\/td><td>2009\/2010<\/td><\/tr><tr><td>Markus Ritz<\/td><td>R\u00fcckenschule<\/td><td>2009<\/td><\/tr><tr><td>Catherine von G\u00fcnther<\/td><td>Yoga und Psychosomatik<\/td><td>2012<\/td><\/tr><tr><td>Susanne Ohneis<\/td><td>Matri- und Hormon-Yoga<\/td><td>2011<\/td><\/tr><tr><td>Catherine von G\u00fcnther<\/td><td>Yoga und Emotionen<\/td><td>2013\/2014<\/td><\/tr><tr><td>Tanja Seehofer<\/td><td>Yin Yoga<\/td><td>2014<\/td><\/tr><tr><td>Susanne Ohneis<\/td><td>Yoga Nidra<\/td><td>2020<\/td><\/tr><tr><td>Susanne Ohneis<\/td><td>Regelm\u00e4\u00dfige \u00dcbungspraxis<br \/>seit \u00fcber 25 Jahren<\/td><td>\u00a0<\/td><\/tr><\/tbody><\/table><\/div>\n\t\t\t\t<\/div>\n\t\t\t\t\t\t\t\t<\/div>\n\t\t\t\t\t\t<\/div>\n\t\t\t\t<\/div>\n\t\t\t\t\t<\/div>\n\t\t<\/div>\n\t\t\t\t\t<\/div>\n\t\t<\/section>\n\t\t\t\t<\/div>\n\t\t","protected":false},"excerpt":{"rendered":"<p>\u00dcber mich Seit meinem 18. Lebensjahr praktiziere ich aktiv Yoga. Ich habe selber oft bei k\u00f6rperlichen Beschwerden oder\u00a0in angespannten\u00a0Phasen die ausgleichende Wirkung erfahren. Um dies an Andere weitergeben zu k\u00f6nnen, habe ich die Ausbildung zur zertifizierten Yogalehrerin abgeschlossen und biete mit gro\u00dfer Freude Kurse an. Um speziell auf R\u00fccken- und Schulterprobleme gut eingehen zu k\u00f6nnen, [&hellip;]<\/p>\n","protected":false},"author":2,"featured_media":136,"parent":0,"menu_order":0,"comment_status":"closed","ping_status":"closed","template":"","meta":{"footnotes":""},"class_list":["post-109","page","type-page","status-publish","has-post-thumbnail","hentry"],"_links":{"self":[{"href":"https:\/\/ingrid-stadler-yoga.de\/index.php\/wp-json\/wp\/v2\/pages\/109","targetHints":{"allow":["GET"]}}],"collection":[{"href":"https:\/\/ingrid-stadler-yoga.de\/index.php\/wp-json\/wp\/v2\/pages"}],"about":[{"href":"https:\/\/ingrid-stadler-yoga.de\/index.php\/wp-json\/wp\/v2\/types\/page"}],"author":[{"embeddable":true,"href":"https:\/\/ingrid-stadler-yoga.de\/index.php\/wp-json\/wp\/v2\/users\/2"}],"replies":[{"embeddable":true,"href":"https:\/\/ingrid-stadler-yoga.de\/index.php\/wp-json\/wp\/v2\/comments?post=109"}],"version-history":[{"count":46,"href":"https:\/\/ingrid-stadler-yoga.de\/index.php\/wp-json\/wp\/v2\/pages\/109\/revisions"}],"predecessor-version":[{"id":364,"href":"https:\/\/ingrid-stadler-yoga.de\/index.php\/wp-json\/wp\/v2\/pages\/109\/revisions\/364"}],"wp:featuredmedia":[{"embeddable":true,"href":"https:\/\/ingrid-stadler-yoga.de\/index.php\/wp-json\/wp\/v2\/media\/136"}],"wp:attachment":[{"href":"https:\/\/ingrid-stadler-yoga.de\/index.php\/wp-json\/wp\/v2\/media?parent=109"}],"curies":[{"name":"wp","href":"https:\/\/api.w.org\/{rel}","templated":true}]}}

Über mich

<div data-elementor-type="wp-page" data-elementor-id="109" class="elementor elementor-109" data-elementor-post-type="page">
						<section class="elementor-section elementor-top-section elementor-element elementor-element-a1e048c elementor-section-boxed elementor-section-height-default elementor-section-height-default" data-id="a1e048c" data-element_type="section">
						<div class="elementor-container elementor-column-gap-no">
					<div class="elementor-column elementor-col-50 elementor-top-column elementor-element elementor-element-8369368" data-id="8369368" data-element_type="column">
			<div class="elementor-widget-wrap elementor-element-populated">
						<div class="elementor-element elementor-element-84ead45 elementor-arrows-position-inside elementor-widget elementor-widget-image-carousel" data-id="84ead45" data-element_type="widget" data-settings="{&quot;slides_to_show&quot;:&quot;1&quot;,&quot;navigation&quot;:&quot;arrows&quot;,&quot;autoplay&quot;:&quot;yes&quot;,&quot;pause_on_hover&quot;:&quot;yes&quot;,&quot;pause_on_interaction&quot;:&quot;yes&quot;,&quot;autoplay_speed&quot;:5000,&quot;infinite&quot;:&quot;yes&quot;,&quot;effect&quot;:&quot;slide&quot;,&quot;speed&quot;:500}" data-widget_type="image-carousel.default">
				<div class="elementor-widget-container">
							<div class="elementor-image-carousel-wrapper swiper" role="region" aria-roledescription="carousel" aria-label="Bild Karussell" dir="ltr">
			<div class="elementor-image-carousel swiper-wrapper swiper-image-stretch" aria-live="off">
								<div class="swiper-slide" role="group" aria-roledescription="slide" aria-label="1 von 3"><figure class="swiper-slide-inner"><img decoding="async" class="swiper-slide-image" src="https://ingrid-stadler-yoga.de/wp-content/uploads/2025/01/Ingrid_Stadler_Uebermich1.jpg" alt="Ingrid_Stadler_Uebermich1" /></figure></div><div class="swiper-slide" role="group" aria-roledescription="slide" aria-label="2 von 3"><figure class="swiper-slide-inner"><img decoding="async" class="swiper-slide-image" src="https://ingrid-stadler-yoga.de/wp-content/uploads/2025/01/Ingrid_Stadler_Aktuelles1.jpg" alt="Ingrid_Stadler_Aktuelles1" /></figure></div><div class="swiper-slide" role="group" aria-roledescription="slide" aria-label="3 von 3"><figure class="swiper-slide-inner"><img decoding="async" class="swiper-slide-image" src="https://ingrid-stadler-yoga.de/wp-content/uploads/2025/01/Ingrid_Stadler_Aktuelles2.jpg" alt="Ingrid_Stadler_Aktuelles2" /></figure></div>			</div>
												<div class="elementor-swiper-button elementor-swiper-button-prev" role="button" tabindex="0">
						<i aria-hidden="true" class="eicon-chevron-left"></i>					</div>
					<div class="elementor-swiper-button elementor-swiper-button-next" role="button" tabindex="0">
						<i aria-hidden="true" class="eicon-chevron-right"></i>					</div>
				
									</div>
						</div>
				</div>
					</div>
		</div>
				<div class="elementor-column elementor-col-50 elementor-top-column elementor-element elementor-element-c5eb822" data-id="c5eb822" data-element_type="column" data-settings="{&quot;background_background&quot;:&quot;classic&quot;}">
			<div class="elementor-widget-wrap elementor-element-populated">
						<div class="elementor-element elementor-element-ec2073e elementor-widget elementor-widget-heading" data-id="ec2073e" data-element_type="widget" data-widget_type="heading.default">
				<div class="elementor-widget-container">
					<h2 class="elementor-heading-title elementor-size-default">Über mich</h2>				</div>
				</div>
				<div class="elementor-element elementor-element-67b95cf elementor-widget elementor-widget-spacer" data-id="67b95cf" data-element_type="widget" data-widget_type="spacer.default">
				<div class="elementor-widget-container">
							<div class="elementor-spacer">
			<div class="elementor-spacer-inner"></div>
		</div>
						</div>
				</div>
				<div class="elementor-element elementor-element-dda2130 elementor-widget elementor-widget-text-editor" data-id="dda2130" data-element_type="widget" data-widget_type="text-editor.default">
				<div class="elementor-widget-container">
									<p style="font-weight: 400;">Seit meinem 18. Lebensjahr praktiziere ich aktiv Yoga. Ich habe selber oft bei körperlichen Beschwerden oder in angespannten Phasen die ausgleichende Wirkung erfahren. Um dies an Andere weitergeben zu können, habe ich die Ausbildung zur zertifizierten Yogalehrerin abgeschlossen und biete mit großer Freude Kurse an. Um speziell auf Rücken- und Schulterprobleme gut eingehen zu können, habe ich ergänzend den Übungsleiterschein für Rückenschule erworben.</p>								</div>
				</div>
				<div class="elementor-element elementor-element-1c38315 elementor-widget elementor-widget-toggle" data-id="1c38315" data-element_type="widget" data-widget_type="toggle.default">
				<div class="elementor-widget-container">
							<div class="elementor-toggle">
							<div class="elementor-toggle-item">
					<div id="elementor-tab-title-2951" class="elementor-tab-title" data-tab="1" role="button" aria-controls="elementor-tab-content-2951" aria-expanded="false">
												<span class="elementor-toggle-icon elementor-toggle-icon-left" aria-hidden="true">
															<span class="elementor-toggle-icon-closed"><i class="fas fa-caret-right"></i></span>
								<span class="elementor-toggle-icon-opened"><i class="elementor-toggle-icon-opened fas fa-caret-up"></i></span>
													</span>
												<a class="elementor-toggle-title" tabindex="0">Meine Ausbildung</a>
					</div>

					<div id="elementor-tab-content-2951" class="elementor-tab-content elementor-clearfix" data-tab="1" role="region" aria-labelledby="elementor-tab-title-2951"><table><tbody><tr><td>Franz Seraph Mösl</td><td>Fastenyoga</td><td>2008/2009/2015</td></tr><tr><td>Catherine von Günther</td><td>Yogalehrer Ausbildung</td><td>2009/2010</td></tr><tr><td>Markus Ritz</td><td>Rückenschule</td><td>2009</td></tr><tr><td>Catherine von Günther</td><td>Yoga und Psychosomatik</td><td>2012</td></tr><tr><td>Susanne Ohneis</td><td>Matri- und Hormon-Yoga</td><td>2011</td></tr><tr><td>Catherine von Günther</td><td>Yoga und Emotionen</td><td>2013/2014</td></tr><tr><td>Tanja Seehofer</td><td>Yin Yoga</td><td>2014</td></tr><tr><td>Susanne Ohneis</td><td>Yoga Nidra</td><td>2020</td></tr><tr><td>Susanne Ohneis</td><td>Regelmäßige Übungspraxis<br />seit über 25 Jahren</td><td> </td></tr></tbody></table></div>
				</div>
								</div>
						</div>
				</div>
					</div>
		</div>
					</div>
		</section>
				</div>

<p>Über mich Seit meinem 18. Lebensjahr praktiziere ich aktiv Yoga. Ich habe selber oft bei körperlichen Beschwerden oder in angespannten Phasen die ausgleichende Wirkung erfahren. Um dies an Andere weitergeben zu können, habe ich die Ausbildung zur zertifizierten Yogalehrerin abgeschlossen und biete mit großer Freude Kurse an. Um speziell auf Rücken- und Schulterprobleme gut eingehen zu können, [&hellip;]</p>
